
Suppose -14*h + 45 = -9*h. Calculate the highest common factor of 9 and h.
9
Let m be 166/12 + 1/6. Suppose -2*a + m = -58. Calculate the greatest common factor of 4 and a.
4
Suppose 10*q + 39 - 539 = 0. Let g = 13 + 7. Calculate the greatest common divisor of g and q.
10
Suppose 2*m - d + 2 = 4, 3*m - 3 = -4*d. Let g be (-2 + 0 - -1)*m. Let a be 7/(0 - g) - -1. Calculate the greatest common divisor of a and 4.
4
Suppose -4*a + 60 = -2*a. Suppose 0*l = -5*l + a. Calculate the greatest common divisor of 15 and l.
3
Let u be (0 + -3)*3/(-3). Suppose r + u*r = 60. What is the greatest common factor of 5 and r?
5
Suppose 0 = -4*l - 10 + 22, 3*l = 4*h - 311. Calculate the greatest common factor of h and 32.
16
Let z be 9/6*12/18. Let a be 28 - (-3 + (2 - z)). Let u(j) = j**3 - 5*j**2 + 3*j - 9. Let x be u(6). Calculate the greatest common divisor of a and x.
15
Let o = -22 + 42. Let a = -10 + o. Calculate the greatest common divisor of a and 70.
10
Let a = 19 - 10. Let b be ((-132)/a)/((-2)/6). Let w(z) = -z + 4. Let i be w(0). What is the highest common factor of i and b?
4
Let t(k) = k**2 - k - 1. Let u be t(-2). Suppose u*a = 316 + 224. Calculate the greatest common factor of a and 12.
12
Suppose -v = -5*a - 40, v + 5*a - 8*a - 32 = 0. What is the greatest common factor of 12 and v?
4
Suppose -2*q - 41 - 13 = 0. Let y be 6/q + (-994)/(-18). Calculate the highest common factor of 5 and y.
5
Suppose 4*p = 7*b - 2*b - 72, 0 = -4*b + 2*p + 54. What is the highest common divisor of 132 and b?
12
Let r be -9 + 3*(-1 + 2). Let m be r*(441/(-2))/7. What is the highest common factor of m and 21?
21
Let m be (-6 - -5)/((-2)/6). Suppose y - m = 5. Calculate the highest common factor of 8 and y.
8
Let l be (1 + 1)/((-3)/(-168)). Let z = l - 2. Let o(n) = -n**3 + 5*n**2 + 3*n - 5. Let a be o(5). Calculate the highest common divisor of a and z.
10
Suppose 5*o = 78 - 8. What is the highest common factor of o and 112?
14
Let n be 1*11*(-1 + 3). Calculate the highest common divisor of n and 132.
22
Let o(z) = z**2 - 8*z - 11. Let i be o(10). Let w(v) = 14*v**2 - 2. Let n be w(2). Calculate the highest common divisor of i and n.
9
Suppose x = -x. Suppose g - 69 = -x*g. Let k be g/4 - (-12)/16. Calculate the highest common factor of 90 and k.
18
Let t(q) = q**2 - 3. Let k be t(-4). What is the highest common divisor of 117 and k?
13
Suppose -3 = 3*v - 108. Let n = v + 10. What is the greatest common factor of 9 and n?
9
Let h(f) = -f**3 + 7*f**2 - 5*f + 12. Let p be h(6). What is the greatest common divisor of 27 and p?
9
Suppose 7*u = 366 + 19. Suppose 5*i + 16 = 3*l, 2*i = -0*l + 2*l - 4. Let s be (1 + 0)/(l/(-33)). Calculate the highest common divisor of s and u.
11
Suppose 5*s = v + 4 - 36, 4*v + 2*s = 40. Suppose 35 = 3*u + 4*c, u - 4*c = -5*c + v. Calculate the highest common factor of 117 and u.
13
Let z(o) = -o**3 + 4*o**2 + 7*o - 5. Let s be z(5). Let j be 16/s*(-35)/(-14). What is the highest common divisor of 64 and j?
8
Let z be (42/(-5))/(37/(-5) - -7). What is the greatest common factor of z and 147?
21
Let l(y) = y**3 - 5*y**2 - 3*y - 5. Let m be l(6). Calculate the highest common divisor of 13 and m.
13
Suppose c - 11 - 25 = 0. What is the greatest common factor of 18 and c?
18
Let c = 89 + -86. What is the highest common divisor of 21 and c?
3
Let r be (3 - -16) + (-2)/(-1). Let p(w) = 63*w. Let m be p(1). Calculate the highest common factor of r and m.
21
Suppose -3*g + 23 = 4*u, 4*u = -3*g + 5*g - 2. Let i = 2 - 3. Let k be 0 + 38 + i + 3. Calculate the greatest common divisor of k and g.
5
Suppose 0 = 2*d - 3*d. Suppose d = 3*a - 6, -7*x + a = -3*x - 6. Suppose -2*i + 5 = -1. What is the greatest common divisor of x and i?
1
Let m = 5 + 28. What is the highest common divisor of m and 132?
33
Let g = -32 - -105. Suppose -2*x - 9 = -g. Suppose 0 = -5*f + 10 + 10. Calculate the highest common factor of x and f.
4
Let p(i) = 2*i**2 - 9*i. Let m be p(-6). What is the greatest common factor of 18 and m?
18
Let s = 5 - 4. Let z be (-6 - 1)*s - 0. Let j be 33/(-1 + z/(-4)). What is the greatest common divisor of 11 and j?
11
Let k be 1/3 - (-12)/(-9). Let u be 44 + 1 - (0 + k). Suppose 134 = 5*a - u. Calculate the greatest common factor of 12 and a.
12
Suppose 8*k + 76 = 204. Calculate the highest common factor of 4 and k.
4
Suppose n + 4*m = 4, -12 = 5*n - m - 95. Calculate the greatest common divisor of 160 and n.
16
Let a(h) = -h**3 + 9*h**2 + 5*h - 8. Let q be a(10). Let l = q - -83. What is the highest common factor of 75 and l?
25
Let c(g) = 4 - 7*g + 5 - 5 - 3 - g**2. Let x be c(-7). Calculate the highest common factor of x and 5.
1
Let r be 1/(-4 - (2 + -5)). Let y be 3*r/(6 - 3). Let s be -81*(3 - (y - -5)). Calculate the greatest common factor of 9 and s.
9
Suppose 3*g + 0*g - 126 = 0. Calculate the greatest common factor of 6 and g.
6
Suppose -168 = -8*m - 4*m. Calculate the highest common factor of 4 and m.
2
Suppose 4*t + 14 = d, 2*d - 2*t + 11 = -7*t. Let l = 12 + -7. Calculate the highest common factor of d and l.
1
Suppose -3*m + 45 = -105. Suppose -5*w + n + 54 = 0, 32 = -0*w + 4*w + 2*n. Calculate the highest common divisor of m and w.
10
Suppose 0 = 2*u - 3 - 1. Suppose 0 = -2*z - 7*g + u*g + 19, -5*z + 5*g - 5 = 0. What is the greatest common divisor of 4 and z?
2
Let g = 18 - -40. Suppose -g + 2 = -4*s. What is the highest common factor of s and 126?
14
Let k be (2 - 4) + (-6)/(-2). Let m = 2 + k. Let p(t) = -t**3 - 2*t**2 + 6*t + 4. Let h be p(-4). What is the greatest common divisor of h and m?
3
Let r = 13 + -7. Let l be 13 - -29 - (0 + 0). Calculate the highest common divisor of l and r.
6
Let d(x) = 19*x - 1. Let y be d(1). Calculate the greatest common factor of 6 and y.
6
Suppose -105 = -3*x - 2*x. Let b be (-1)/(-4) - (-15)/4. Suppose -x - 7 = -b*d. Calculate the greatest common divisor of d and 1.
1
Let x(f) = f**2 - 3*f. Let u be x(4). Suppose 3*w + i + 4*i - 355 = 0, -i = -u*w + 458. What is the greatest common factor of w and 46?
23
Let m = -281 + 149. Let v be (-4)/(-14) + m/(-28). Suppose -5*p + q = -11, 3*p - q - v = 2. What is the highest common divisor of p and 4?
2
Let l(y) = y + y**2 + 7 + 8*y - 2*y**2. Let h be l(8). What is the highest common divisor of h and 10?
5
Let b = -6 - -62. What is the highest common divisor of b and 14?
14
Let h = 33 + 17. Suppose -3*s + k + 103 = 2*s, 12 = -4*k. Calculate the highest common factor of s and h.
10
Let u(j) = j + 9. Let s be u(-7). Let z be 591/9 - s/3. What is the greatest common factor of 13 and z?
13
Let l be (-15)/(-3) - 0/(-1). Let z = -10 + 50. What is the highest common divisor of l and z?
5
Let z(i) = 2*i + 6. Let b be z(7). Let x be (-3)/((-5)/3 - -2). Let s = 13 + x. What is the highest common divisor of b and s?
4
Suppose a = -4, 3*z - 4*a = -0*z + 136. What is the greatest common factor of 10 and z?
10
Let j(p) = -6*p**3 + p + 2. Let r be j(-2). What is the highest common divisor of r and 384?
48
Let h = 1 - -2. Let d be 10*h/(-9)*-3. Let z = 16 - d. What is the highest common divisor of 9 and z?
3
Suppose o + 4*o = -5. Let z = 3 + o. Let h = 5 + 0. Calculate the highest common divisor of z and h.
1
Suppose -4*w - 2*l - l + 75 = 0, -38 = -2*w - 2*l. What is the highest common factor of w and 45?
9
Let n be (-422)/(-22) + (-52)/286. Let y(d) = d**3 + 7*d**2 + 2. Let g be y(-3). What is the greatest common factor of g and n?
19
Suppose r - 220 = -r. Suppose -b - 4*b + 10 = v, 0 = -5*b. What is the greatest common divisor of v and r?
10
Let v(n) = 19*n**3 - 3*n**2 + 3*n - 1. Let i be v(2). Calculate the greatest common divisor of 29 and i.
29
Suppose 2*w + 42 = -0*w. Let g be (-4)/(-12) - 214/(-6). Let f = w + g. Calculate the highest common factor of f and 105.
15
Suppose 57 = 4*o + 5*x, -6 = -4*x + 6*x. What is the greatest common divisor of o and 3?
3
Suppose 5 = -2*v - 9. Let i be (-8)/28 + (-282)/v. Calculate the greatest common divisor of 5 and i.
5
Let o(j) = j**2 - 4*j - 13. Let d be o(9). Let w be d*6/4 - -2. Calculate the highest common divisor of 10 and w.
10
Suppose -w + 20 = -10. What is the highest common factor of w and 75?
15
Let u = 7 - -5. Calculate the greatest common divisor of u and 48.
12
Suppose -26*i + 22*i + 108 = 0. Let t be 4/14